{"id":231,"date":"2020-10-03T17:14:03","date_gmt":"2020-10-03T17:14:03","guid":{"rendered":"http:\/\/decko.webinson.cz\/decko\/?page_id=231"},"modified":"2023-12-06T11:22:54","modified_gmt":"2023-12-06T10:22:54","slug":"o-nas","status":"publish","type":"page","link":"https:\/\/decko.webinson.cz\/decko\/o-nas\/","title":{"rendered":"O n\u00e1s"},"content":{"rendered":"<p><div class=\"fusion-fullwidth fullwidth-box fusion-builder-row-1 fusion-flex-container nonhundred-percent-fullwidth non-hundred-percent-height-scrolling\" style=\"--awb-border-color:var(--awb-color4);--awb-border-radius-top-left:0px;--awb-border-radius-top-right:0px;--awb-border-radius-bottom-right:0px;--awb-border-radius-bottom-left:0px;--awb-padding-top:7vw;--awb-padding-bottom:7vw;--awb-margin-bottom:0px;--awb-flex-wrap:wrap;\" ><div class=\"fusion-builder-row fusion-row fusion-flex-align-items-stretch fusion-flex-content-wrap\" style=\"max-width:1365px;margin-left: calc(-5% \/ 2 );margin-right: calc(-5% \/ 2 );\"><div class=\"fusion-layout-column fusion_builder_column fusion-builder-column-0 fusion_builder_column_3_5 3_5 fusion-flex-column\" style=\"--awb-padding-top:10vh;--awb-padding-right:6vw;--awb-padding-bottom:10vh;--awb-padding-left:6vw;--awb-padding-top-medium:8vw;--awb-padding-bottom-medium:8vw;--awb-padding-top-small:7vh;--awb-padding-right-small:7vw;--awb-padding-bottom-small:7vh;--awb-padding-left-small:7vw;--awb-overflow:hidden;--awb-bg-color:var(--awb-color7);--awb-bg-color-hover:var(--awb-color7);--awb-bg-size:cover;--awb-border-radius:6px 0px 0px 6px;--awb-width-large:60%;--awb-margin-top-large:0px;--awb-spacing-right-large:0;--awb-margin-bottom-large:3.5vw;--awb-spacing-left-large:3.95833333333%;--awb-width-medium:60%;--awb-order-medium:0;--awb-spacing-right-medium:0;--awb-spacing-left-medium:3.95833333333%;--awb-width-small:83.3333333333%;--awb-order-small:0;--awb-spacing-right-small:0;--awb-margin-bottom-small:6vw;--awb-spacing-left-small:2.85%;\"><div class=\"fusion-column-wrapper fusion-column-has-shadow fusion-flex-justify-content-flex-start fusion-content-layout-column\"><div class=\"fusion-title title fusion-title-1 fusion-sep-none fusion-title-text fusion-title-size-two\" style=\"--awb-text-color:var(--awb-color1);--awb-margin-bottom:20px;\"><h2 class=\"fusion-title-heading title-heading-left\" style=\"margin:0;\">O n\u00e1s<\/h2><\/div><div class=\"fusion-text fusion-text-1\" style=\"--awb-content-alignment:left;--awb-font-size:17px;--awb-line-height:1.9;--awb-text-color:var(--awb-color1);\"><p>D\u201c \u2026 jako D\u00e9\u010dko Liberec, synonymum pro d\u016fv\u011bru a podporu ji\u017e od roku 1998. Jsme tu p\u0159edev\u0161\u00edm proto, abychom rozv\u00edjeli psychosoci\u00e1ln\u00ed slu\u017eby v regionu a podporovali vzd\u011bl\u00e1v\u00e1n\u00ed ve\u0159ejnosti v krizov\u00e9 pomoci. Iniciovali jsme vznik ob\u010dansk\u00e9 poradny a poradny pro ob\u011bti trestn\u00fdch \u010din\u016f, kter\u00e9 slou\u017e\u00ed ob\u010dan\u016fm Libereck\u00e9ho kraje.<\/p>\n<\/div><\/div><\/div><div class=\"fusion-layout-column fusion_builder_column fusion-builder-column-1 fusion_builder_column_2_5 2_5 fusion-flex-column\" style=\"--awb-overflow:hidden;--awb-bg-position:center top;--awb-bg-size:cover;--awb-border-radius:0px 6px 6px 0px;--awb-width-large:40%;--awb-margin-top-large:0px;--awb-spacing-right-large:5.9375%;--awb-margin-bottom-large:3.5vw;--awb-spacing-left-large:0;--awb-width-medium:40%;--awb-order-medium:0;--awb-spacing-right-medium:5.9375%;--awb-spacing-left-medium:0;--awb-width-small:16.6666666667%;--awb-order-small:1;--awb-spacing-right-small:14.25%;--awb-margin-bottom-small:6vw;--awb-spacing-left-small:0;\"><div class=\"fusion-column-wrapper lazyload fusion-column-has-shadow fusion-flex-justify-content-flex-start fusion-content-layout-column fusion-empty-column-bg-image fusion-column-has-bg-image\" data-bg-url=\"http:\/\/decko.webinson.cz\/decko\/wp-content\/uploads\/2023\/07\/slide2.png\" data-bg=\"http:\/\/decko.webinson.cz\/decko\/wp-content\/uploads\/2023\/07\/slide2.png\"><img class=\"fusion-empty-dims-img-placeholder fusion-no-large-visibility fusion-no-medium-visibility\" src=\"data:image\/gif;base64,R0lGODlhAQABAAAAACH5BAEKAAEALAAAAAABAAEAAAICTAEAOw==\"><\/div><\/div><\/div><\/div><div class=\"fusion-fullwidth fullwidth-box fusion-builder-row-2 fusion-flex-container has-pattern-background has-mask-background nonhundred-percent-fullwidth non-hundred-percent-height-scrolling\" style=\"--awb-border-radius-top-left:0px;--awb-border-radius-top-right:0px;--awb-border-radius-bottom-right:0px;--awb-border-radius-bottom-left:0px;--awb-flex-wrap:wrap;\" ><div class=\"fusion-builder-row fusion-row fusion-flex-align-items-flex-start fusion-flex-content-wrap\" style=\"max-width:1365px;margin-left: calc(-5% \/ 2 );margin-right: calc(-5% \/ 2 );\"><div class=\"fusion-layout-column fusion_builder_column fusion-builder-column-2 fusion_builder_column_1_1 1_1 fusion-flex-column\" style=\"--awb-bg-size:cover;--awb-width-large:100%;--awb-margin-top-large:0px;--awb-spacing-right-large:2.375%;--awb-margin-bottom-large:20px;--awb-spacing-left-large:2.375%;--awb-width-medium:100%;--awb-order-medium:0;--awb-spacing-right-medium:2.375%;--awb-spacing-left-medium:2.375%;--awb-width-small:100%;--awb-order-small:0;--awb-spacing-right-small:2.375%;--awb-spacing-left-small:2.375%;\"><div class=\"fusion-column-wrapper fusion-column-has-shadow fusion-flex-justify-content-flex-start fusion-content-layout-column\"><div class=\"fusion-text fusion-text-2\"><h4 style=\"color: var(--awb-color8);\">&#8222;D&#8220; &#8230; jako d\u016fv\u011bra &#8230;<\/h4>\n<p style=\"color: rgb(0, 0, 0);\">D\u00e9\u010dko Liberec z.s. \u2026 D\u00e9\u010dko jako D z p\u016fvodn\u00edho n\u00e1zvu \u2026 \u201eD\u201c jako d\u016fv\u011bra \u2026<\/p>\n<p style=\"color: rgb(0, 0, 0);\">D\u00e9\u010dko bylo zalo\u017eeno v roce 1998. P\u016fvodn\u00edm d\u016fvodem a c\u00edlem zalo\u017een\u00ed tehdy ob\u010dansk\u00e9ho sdru\u017een\u00ed byl rozvoj psychosoci\u00e1ln\u00edch slu\u017eeb v libereck\u00e9m regionu a vzd\u011bl\u00e1v\u00e1n\u00ed odborn\u00e9 i laick\u00e9 ve\u0159ejnosti v krizov\u00e9 pomoci. S rozvojem sdru\u017een\u00ed do\u0161lo tak\u00e9 k rozvoji dal\u0161\u00edch aktivit a \u010dinnost\u00ed.<\/p>\n<p style=\"color: rgb(0, 0, 0);\">V roce 2001 vzniklo pod D\u00e9\u010dkem prvn\u00ed pracovi\u0161t\u011b Ob\u010dansk\u00e9 poradny, v roce 2005 Poradna pro ob\u011bti trestn\u00fdch \u010din\u016f, kter\u00e1 postupn\u011b p\u0159e\u0161la v odbo\u010dku B\u00edl\u00e9ho kruhu bezpe\u010d\u00ed. <\/p>\n<p style=\"color: rgb(0, 0, 0);\">V pr\u016fb\u011bhu existence D\u00e9\u010dka se v organizaci vyst\u0159\u00eddalo mnoho dobrovoln\u00edk\u016f, zam\u011bstnanc\u016f, lektor\u016f. N\u011bkte\u0159\u00ed zam\u00ed\u0159ili do jin\u00fdch organizac\u00ed a firem, jin\u00ed jsou s n\u00e1mi st\u00e1le.<\/p>\n<p style=\"color: rgb(0, 0, 0);\">Rozv\u00edj\u00edme a sna\u017e\u00edme se udr\u017eet s\u00ed\u0165 pracovi\u0161\u0165 <a href=\"\/poradenstvi\/\">Ob\u010dansk\u00e9 poradny<\/a> po cel\u00e9m kraji. <\/p>\n<p style=\"color: rgb(0, 0, 0);\"><a href=\"\/vzdelavani\">Vzd\u011bl\u00e1v\u00e1me<\/a>, nejen odbornou ve\u0159ejnost, v mnoha kurzech, zam\u011b\u0159en\u00fdch zejm\u00e9na na krizovou intervenci, komunikaci, pr\u00e1ci s klienty v soci\u00e1ln\u00edch slu\u017eb\u00e1ch.<\/p>\n<p style=\"color: rgb(0, 0, 0);\">Realizovali jsme <a href=\"\/projekty\">n\u011bkolik projekt\u016f financovan\u00fdch z ESF a rozpo\u010dtu \u010cR. <\/a><\/p>\n<\/div><\/div><\/div><\/div><\/div><div class=\"fusion-fullwidth fullwidth-box fusion-builder-row-3 fusion-flex-container has-pattern-background has-mask-background nonhundred-percent-fullwidth non-hundred-percent-height-scrolling\" style=\"--awb-border-radius-top-left:0px;--awb-border-radius-top-right:0px;--awb-border-radius-bottom-right:0px;--awb-border-radius-bottom-left:0px;--awb-flex-wrap:wrap;\" ><div class=\"fusion-builder-row fusion-row fusion-flex-align-items-flex-start fusion-flex-content-wrap\" style=\"max-width:1365px;margin-left: calc(-5% \/ 2 );margin-right: calc(-5% \/ 2 );\"><div class=\"fusion-layout-column fusion_builder_column fusion-builder-column-3 fusion_builder_column_1_1 1_1 fusion-flex-column\" style=\"--awb-bg-size:cover;--awb-width-large:100%;--awb-margin-top-large:0px;--awb-spacing-right-large:2.375%;--awb-margin-bottom-large:20px;--awb-spacing-left-large:2.375%;--awb-width-medium:100%;--awb-order-medium:0;--awb-spacing-right-medium:2.375%;--awb-spacing-left-medium:2.375%;--awb-width-small:100%;--awb-order-small:0;--awb-spacing-right-small:2.375%;--awb-spacing-left-small:2.375%;\"><div class=\"fusion-column-wrapper fusion-column-has-shadow fusion-flex-justify-content-flex-start fusion-content-layout-column\"><div class=\"fusion-text fusion-text-3\"><h4><span style=\"font-family: var(--awb-text-font-family); font-size: var(--awb-font-size); font-style: var(--awb-text-font-style); letter-spacing: var(--awb-letter-spacing); text-align: var(--awb-content-alignment); text-transform: var(--awb-text-transform); background-color: var(--awb-bg-color-medium-hover); caret-color: rgb(33, 41, 52);\"><font color=\"#212934\">Struktura organizace<\/font><\/span><\/h4>\n<p style=\"color: rgb(0, 0, 0);\">\n<\/div><div class=\"fusion-image-element \" style=\"text-align:center;--awb-max-width:700px;--awb-caption-title-font-family:var(--h2_typography-font-family);--awb-caption-title-font-weight:var(--h2_typography-font-weight);--awb-caption-title-font-style:var(--h2_typography-font-style);--awb-caption-title-size:var(--h2_typography-font-size);--awb-caption-title-transform:var(--h2_typography-text-transform);--awb-caption-title-line-height:var(--h2_typography-line-height);--awb-caption-title-letter-spacing:var(--h2_typography-letter-spacing);\"><span class=\" fusion-imageframe imageframe-none imageframe-1 hover-type-none\"><img decoding=\"async\" width=\"2088\" height=\"1366\" title=\"struktura_organizace\" src=\"https:\/\/decko.webinson.cz\/decko\/wp-content\/uploads\/2023\/10\/Snimek-obrazovky-2023-10-11-v-12.48.38.png\" data-orig-src=\"http:\/\/decko.webinson.cz\/decko\/wp-content\/uploads\/2023\/10\/Snimek-obrazovky-2023-10-11-v-12.48.38.png\" alt class=\"lazyload img-responsive wp-image-2235\" srcset=\"data:image\/svg+xml,%3Csvg%20xmlns%3D%27http%3A%2F%2Fwww.w3.org%2F2000%2Fsvg%27%20width%3D%272088%27%20height%3D%271366%27%20viewBox%3D%270%200%202088%201366%27%3E%3Crect%20width%3D%272088%27%20height%3D%271366%27%20fill-opacity%3D%220%22%2F%3E%3C%2Fsvg%3E\" data-srcset=\"https:\/\/decko.webinson.cz\/decko\/wp-content\/uploads\/2023\/10\/Snimek-obrazovky-2023-10-11-v-12.48.38-200x131.png 200w, https:\/\/decko.webinson.cz\/decko\/wp-content\/uploads\/2023\/10\/Snimek-obrazovky-2023-10-11-v-12.48.38-400x262.png 400w, https:\/\/decko.webinson.cz\/decko\/wp-content\/uploads\/2023\/10\/Snimek-obrazovky-2023-10-11-v-12.48.38-600x393.png 600w, https:\/\/decko.webinson.cz\/decko\/wp-content\/uploads\/2023\/10\/Snimek-obrazovky-2023-10-11-v-12.48.38-800x523.png 800w, https:\/\/decko.webinson.cz\/decko\/wp-content\/uploads\/2023\/10\/Snimek-obrazovky-2023-10-11-v-12.48.38-1200x785.png 1200w, https:\/\/decko.webinson.cz\/decko\/wp-content\/uploads\/2023\/10\/Snimek-obrazovky-2023-10-11-v-12.48.38.png 2088w\" data-sizes=\"auto\" data-orig-sizes=\"(max-width: 700px) 100vw, 2088px\" \/><\/span><\/div><\/div><\/div><\/div><\/div><\/p>\n","protected":false},"excerpt":{"rendered":"","protected":false},"author":2,"featured_media":865,"parent":0,"menu_order":0,"comment_status":"closed","ping_status":"closed","template":"100-width.php","meta":{"content-type":""},"_links":{"self":[{"href":"https:\/\/decko.webinson.cz\/decko\/wp-json\/wp\/v2\/pages\/231"}],"collection":[{"href":"https:\/\/decko.webinson.cz\/decko\/wp-json\/wp\/v2\/pages"}],"about":[{"href":"https:\/\/decko.webinson.cz\/decko\/wp-json\/wp\/v2\/types\/page"}],"author":[{"embeddable":true,"href":"https:\/\/decko.webinson.cz\/decko\/wp-json\/wp\/v2\/users\/2"}],"replies":[{"embeddable":true,"href":"https:\/\/decko.webinson.cz\/decko\/wp-json\/wp\/v2\/comments?post=231"}],"version-history":[{"count":13,"href":"https:\/\/decko.webinson.cz\/decko\/wp-json\/wp\/v2\/pages\/231\/revisions"}],"predecessor-version":[{"id":2322,"href":"https:\/\/decko.webinson.cz\/decko\/wp-json\/wp\/v2\/pages\/231\/revisions\/2322"}],"wp:featuredmedia":[{"embeddable":true,"href":"https:\/\/decko.webinson.cz\/decko\/wp-json\/wp\/v2\/media\/865"}],"wp:attachment":[{"href":"https:\/\/decko.webinson.cz\/decko\/wp-json\/wp\/v2\/media?parent=231"}],"curies":[{"name":"wp","href":"https:\/\/api.w.org\/{rel}","templated":true}]}}