{"id":2166,"date":"2023-08-09T13:24:17","date_gmt":"2023-08-09T11:24:17","guid":{"rendered":"http:\/\/decko.webinson.cz\/decko\/?page_id=2166"},"modified":"2023-12-07T16:12:17","modified_gmt":"2023-12-07T15:12:17","slug":"projekty","status":"publish","type":"page","link":"https:\/\/decko.webinson.cz\/decko\/projekty\/","title":{"rendered":"Projekty"},"content":{"rendered":"<p><div class=\"fusion-fullwidth fullwidth-box fusion-builder-row-1 fusion-flex-container nonhundred-percent-fullwidth non-hundred-percent-height-scrolling fusion-animated\" style=\"--awb-border-color:var(--awb-color4);--awb-border-radius-top-left:0px;--awb-border-radius-top-right:0px;--awb-border-radius-bottom-right:0px;--awb-border-radius-bottom-left:0px;--awb-padding-top:0px;--awb-padding-bottom:0px;--awb-margin-bottom:0px;--awb-flex-wrap:wrap;\" data-animationType=\"fadeInUp\" data-animationDuration=\"1.0\" data-animationOffset=\"top-into-view\" ><div class=\"fusion-builder-row fusion-row fusion-flex-align-items-stretch fusion-flex-content-wrap\" style=\"max-width:1365px;margin-left: calc(-5% \/ 2 );margin-right: calc(-5% \/ 2 );\"><div class=\"fusion-layout-column fusion_builder_column fusion-builder-column-0 fusion_builder_column_2_5 2_5 fusion-flex-column\" style=\"--awb-padding-top-small:0px;--awb-padding-bottom-small:0px;--awb-overflow:hidden;--awb-bg-position:center center;--awb-bg-size:cover;--awb-border-radius:6px 0px 0px 6px;--awb-width-large:40%;--awb-margin-top-large:0px;--awb-spacing-right-large:0;--awb-margin-bottom-large:0px;--awb-spacing-left-large:5.9375%;--awb-width-medium:40%;--awb-order-medium:0;--awb-spacing-right-medium:0;--awb-spacing-left-medium:5.9375%;--awb-width-small:100%;--awb-order-small:0;--awb-margin-top-small:0px;--awb-spacing-right-small:0;--awb-margin-bottom-small:0px;--awb-spacing-left-small:2.375%;\"><div class=\"fusion-column-wrapper lazyload fusion-column-has-shadow fusion-flex-justify-content-flex-start fusion-content-layout-column fusion-empty-column-bg-image fusion-column-has-bg-image\" data-bg-url=\"http:\/\/decko.webinson.cz\/decko\/wp-content\/uploads\/2023\/08\/wind-3283496_1280.jpg\" data-bg=\"http:\/\/decko.webinson.cz\/decko\/wp-content\/uploads\/2023\/08\/wind-3283496_1280.jpg\"><img class=\"fusion-empty-dims-img-placeholder fusion-no-large-visibility fusion-no-medium-visibility\" src=\"data:image\/gif;base64,R0lGODlhAQABAAAAACH5BAEKAAEALAAAAAABAAEAAAICTAEAOw==\"><\/div><\/div><div class=\"fusion-layout-column fusion_builder_column fusion-builder-column-1 fusion_builder_column_3_5 3_5 fusion-flex-column\" style=\"--awb-padding-top:10vh;--awb-padding-right:6vw;--awb-padding-bottom:10vh;--awb-padding-left:6vw;--awb-padding-top-medium:8vw;--awb-padding-bottom-medium:8vw;--awb-padding-top-small:7vh;--awb-padding-right-small:7vw;--awb-padding-bottom-small:7vh;--awb-padding-left-small:7vw;--awb-overflow:hidden;--awb-bg-color:var(--awb-color7);--awb-bg-color-hover:var(--awb-color7);--awb-bg-size:cover;--awb-border-radius:0px 6px 6px 0px;--awb-width-large:60%;--awb-margin-top-large:0px;--awb-spacing-right-large:3.95833333333%;--awb-margin-bottom-large:0px;--awb-spacing-left-large:0;--awb-width-medium:60%;--awb-order-medium:0;--awb-spacing-right-medium:3.95833333333%;--awb-spacing-left-medium:0;--awb-width-small:100%;--awb-order-small:0;--awb-spacing-right-small:0;--awb-margin-bottom-small:6vw;--awb-spacing-left-small:0;\"><div class=\"fusion-column-wrapper fusion-column-has-shadow fusion-flex-justify-content-flex-start fusion-content-layout-column\"><div class=\"fusion-title title fusion-title-1 fusion-sep-none fusion-title-text fusion-title-size-two\" style=\"--awb-text-color:var(--awb-color1);--awb-margin-bottom:20px;\"><h2 class=\"fusion-title-heading title-heading-left\" style=\"margin:0;\">Projekty<\/h2><\/div><div class=\"fusion-text fusion-text-1\" style=\"--awb-content-alignment:left;--awb-font-size:17px;--awb-line-height:1.9;--awb-text-color:var(--awb-color1);\"><p>Moment\u00e1ln\u011b nem\u00e1me \u017e\u00e1dn\u00e9 prob\u00edhaj\u00edc\u00ed projekty, tak\u017ee v\u0161echny jsou ukon\u010den\u00e9<\/p>\n<\/div><\/div><\/div><\/div><\/div><div class=\"fusion-fullwidth fullwidth-box fusion-builder-row-2 fusion-flex-container has-pattern-background has-mask-background nonhundred-percent-fullwidth non-hundred-percent-height-scrolling\" style=\"--awb-border-radius-top-left:0px;--awb-border-radius-top-right:0px;--awb-border-radius-bottom-right:0px;--awb-border-radius-bottom-left:0px;--awb-background-color:var(--awb-color1);--awb-flex-wrap:wrap;\" ><div class=\"fusion-builder-row fusion-row fusion-flex-align-items-flex-start fusion-flex-content-wrap\" style=\"max-width:1365px;margin-left: calc(-5% \/ 2 );margin-right: calc(-5% \/ 2 );\"><div class=\"fusion-layout-column fusion_builder_column fusion-builder-column-2 fusion_builder_column_1_1 1_1 fusion-flex-column\" style=\"--awb-bg-size:cover;--awb-width-large:100%;--awb-margin-top-large:14px;--awb-spacing-right-large:2.375%;--awb-margin-bottom-large:20px;--awb-spacing-left-large:2.375%;--awb-width-medium:100%;--awb-order-medium:0;--awb-spacing-right-medium:2.375%;--awb-spacing-left-medium:2.375%;--awb-width-small:100%;--awb-order-small:0;--awb-spacing-right-small:2.375%;--awb-spacing-left-small:2.375%;\"><div class=\"fusion-column-wrapper fusion-column-has-shadow fusion-flex-justify-content-flex-start fusion-content-layout-column\"><div class=\"fusion-text fusion-text-2\"><h4 style=\"text-align: left; color: var(--awb-color8);\"><span style=\"color: var(--awb-color8); font-size: 17px; font-family: var(--awb-text-font-family); font-style: var(--awb-text-font-style); letter-spacing: var(--awb-letter-spacing); text-align: var(--awb-content-alignment); text-transform: var(--awb-text-transform); background-color: var(--awb-bg-color-hover);\"><b style=\"color: var(--awb-color7);\">Projekt v r\u00e1mci v\u00fdzvy 052 Opera\u010dn\u00edho programu Zam\u011bstnanost, reg.\u010d. CZ.03.2.60\/0.0\/0.0\/16_052\/0007811, &#8222;Roz\u0161\u00ed\u0159en\u00ed slu\u017eby odborn\u00e9ho soci\u00e1ln\u00edho poradenstv\u00ed v ob\u010dansk\u00e9 poradn\u011b Liberec&#8220;<\/b><\/span><\/h4>\n<p style=\"color: rgb(0, 0, 0);\"><b>Anotace:<\/b> Projekt zaji\u0161\u0165uje roz\u0161\u00ed\u0159en\u00ed kapacity st\u00e1vaj\u00edc\u00edho odborn\u00e9ho soci\u00e1ln\u00edho poradenstv\u00ed prost\u0159ednictv\u00edm Ob\u010dansk\u00e9 poradny.Roz\u0161\u00ed\u0159en\u00ed je nutn\u00e9 zejm\u00e9na pro ob\u010dany, kte\u0159\u00ed jsou zat\u00ed\u017eeni dluhy v takov\u00e9 m\u00ed\u0159e, \u017ee ji\u017e nezvl\u00e1daj\u00ed sv\u00e9 z\u00e1vazky plnit a jsou p\u0159edlu\u017eeni, a kte\u0159\u00ed nemohou insolven\u010dn\u00ed n\u00e1vrhy pod\u00e1vat sami.\u017dadatel v r\u00e1mci projektu poskytne dluhov\u00e9 poradenstv\u00ed, ostatn\u00ed odborn\u00e9 soci\u00e1ln\u00ed poradenstv\u00ed, p\u0159\u00edpadn\u011b vypracuje a pod\u00e1 insolven\u010dn\u00ed n\u00e1vrh. B\u011bhem 36 m\u011bs\u00edc\u016f realizace tak poskytne poradenstv\u00ed 480 klient\u016fm.<\/p>\n<p style=\"color: rgb(0, 0, 0);\"><b>C\u00edl projektu:<\/b> C\u00edlem projektu je umo\u017enit ob\u010dan\u016fm SVL Liberec v\u011bt\u0161\u00ed p\u0159\u00edstup k odborn\u00e9mu soci\u00e1ln\u00edmu poradenstv\u00ed roz\u0161\u00ed\u0159en\u00edm kapacity Ob\u010dansk\u00e9 poradny. V sou\u010dasn\u00e9 dob\u011b je Ob\u010dansk\u00e1 poradna pln\u011b otev\u0159ena t\u0159i dny v t\u00fddnu, d\u00edky roz\u0161\u00ed\u0159en\u00ed kapacity bude poradna otev\u0159ena ka\u017ed\u00fd den, v n\u011bkter\u00fdch dnech bude nav\u00fd\u0161en\u00e1 okam\u017eit\u00e1 kapacita poradny na 2 klienty m\u00edsto dosavadn\u00ed kapacity 1 klient.<\/p>\n<p style=\"color: rgb(0, 0, 0);\">C\u00edlem projektu je zpracov\u00e1n\u00ed a p\u0159\u00edpadn\u00e9 pod\u00e1n\u00ed insolven\u010dn\u00edho n\u00e1vrhu nejm\u00e9n\u011b 30 ob\u010dan\u016fm a t\u00edm jim pomoci z\u00edskat lep\u0161\u00ed \u017eivotn\u00ed podm\u00ednky po uplynut\u00ed p\u011bti let a oddlu\u017een\u00ed.<\/p>\n<p style=\"color: rgb(0, 0, 0);\">Dal\u0161\u00edm c\u00edlem projektu je poskytnout odborn\u00e9 soci\u00e1ln\u00ed poradenstv\u00ed, v\u010detn\u011b poradenstv\u00ed dluhov\u00e9ho, nejm\u00e9n\u011b 450 ob\u010dan\u016f \u017eij\u00edc\u00edm na \u00fazem\u00ed SVL Liberec a t\u00edm jim pomoci l\u00e9pe zvl\u00e1dat jejich finan\u010dn\u00ed situaci, z\u00edskat kompetence pro samostatn\u00e9 \u0159e\u0161en\u00ed slo\u017eit\u00fdch \u017eivotn\u00edch situac\u00ed. D\u00edky orientaci ve finan\u010dn\u00edch ot\u00e1zk\u00e1ch zabr\u00e1nit dal\u0161\u00edmu zadlu\u017eov\u00e1n\u00ed, zabr\u00e1nit mo\u017en\u00fdm sankc\u00edm d\u00edky znalosti sv\u00fdch pr\u00e1va a povinnost\u00ed, nap\u0159. sestaven\u00edm dom\u00e1c\u00edho rozpo\u010dtu s pomoc\u00ed poradce, p\u0159\u00edpravou spl\u00e1tkov\u00e9ho kalend\u00e1\u0159e, pomoc\u00ed se seps\u00e1n\u00edm \u017e\u00e1dost\u00ed a dal\u0161\u00edch pot\u0159ebn\u00fdch dokument\u016f.<\/p>\n<p style=\"color: var(--awb-color7); font-size: 17px;\" data-fusion-font=\"true\"><b>Projekt v r\u00e1mci v\u00fdzvy 052 Opera\u010dn\u00edho programu Zam\u011bstnanost, reg.\u010d. CZ.03.2.60\/0.0\/0.0\/16_052\/0007794, &#8222;Roz\u0161\u00ed\u0159en\u00ed odborn\u00e9ho soci\u00e1ln\u00edho poradenstv\u00ed v Ob\u010dansk\u00e9 poradn\u011b v lokalit\u011b Nov\u00fd Bor&#8220;<\/b><\/p>\n<p style=\"color: rgb(40, 0, 0);\"><b>Anotace:<\/b> Projekt zaji\u0161\u0165uje roz\u0161\u00ed\u0159en\u00ed kapacity st\u00e1vaj\u00edc\u00edho odborn\u00e9ho soci\u00e1ln\u00edho poradenstv\u00ed prost\u0159ednictv\u00edm kontaktn\u00edho pracovi\u0161t\u011b Ob\u010dansk\u00e9 poradny v Nov\u00e9m Boru. Roz\u0161\u00ed\u0159en\u00ed je nutn\u00e9 zejm\u00e9na pro ob\u010dany, kte\u0159\u00ed jsou zat\u00ed\u017eeni dluhy v takov\u00e9 m\u00ed\u0159e, \u017ee ji\u017e nezvl\u00e1daj\u00ed sv\u00e9 z\u00e1vazky plnit a jsou p\u0159edlu\u017eeni, a kte\u0159\u00ed nemohou insolven\u010dn\u00ed n\u00e1vrhy pod\u00e1vat sami. \u017dadatel v r\u00e1mci projektu poskytne poradenstv\u00ed, p\u0159\u00edpadn\u011b pod\u00e1 insolven\u010dn\u00ed n\u00e1vrh, 224 klient\u016fm.<\/p>\n<p style=\"color: rgb(40, 0, 0);\"><b>Anotace:<\/b> Projekt zaji\u0161\u0165uje roz\u0161\u00ed\u0159en\u00ed kapacity st\u00e1vaj\u00edc\u00edho odborn\u00e9ho soci\u00e1ln\u00edho poradenstv\u00ed prost\u0159ednictv\u00edm kontaktn\u00edho pracovi\u0161t\u011b Ob\u010dansk\u00e9 poradny v Nov\u00e9m Boru. Roz\u0161\u00ed\u0159en\u00ed je nutn\u00e9 zejm\u00e9na pro ob\u010dany, kte\u0159\u00ed jsou zat\u00ed\u017eeni dluhy v takov\u00e9 m\u00ed\u0159e, \u017ee ji\u017e nezvl\u00e1daj\u00ed sv\u00e9 z\u00e1vazky plnit a jsou p\u0159edlu\u017eeni, a kte\u0159\u00ed nemohou insolven\u010dn\u00ed n\u00e1vrhy pod\u00e1vat sami. \u017dadatel v r\u00e1mci projektu poskytne poradenstv\u00ed, p\u0159\u00edpadn\u011b pod\u00e1 insolven\u010dn\u00ed n\u00e1vrh, 224 klient\u016fm.<\/p>\n<p style=\"color: rgb(40, 0, 0);\">C\u00edlem projektu je zpracov\u00e1n\u00ed a p\u0159\u00edpadn\u00e9 pod\u00e1n\u00ed insolven\u010dn\u00edho n\u00e1vrhu nejm\u00e9n\u011b 24 ob\u010dan\u016fm a t\u00edm jim pomoci z\u00edskat lep\u0161\u00ed \u017eivotn\u00ed podm\u00ednky po uplynut\u00ed p\u011bti let a oddlu\u017een\u00ed.<\/p>\n<p style=\"color: rgb(40, 0, 0);\">Dal\u0161\u00edm c\u00edlem projektu je poskytnout odborn\u00e9 soci\u00e1ln\u00ed poradenstv\u00ed, v\u010detn\u011b poradenstv\u00ed dluhov\u00e9ho nejm\u00e9n\u011b 224 ob\u010dan\u016fm \u017eij\u00edc\u00edm v SVL Nov\u00fd Bor a t\u00edm jim pomoci l\u00e9pe zvl\u00e1dat svou finan\u010dn\u00ed situaci, z\u00edskat kompetence pro samostatn\u00e9 \u0159e\u0161en\u00ed slo\u017eit\u00fdch \u017eivotn\u00edch situac\u00ed. D\u00edky orientaci ve finan\u010dn\u00edch ot\u00e1zk\u00e1ch zabr\u00e1nit dal\u0161\u00edmu zadlu\u017eov\u00e1n\u00ed, zabr\u00e1nit mo\u017en\u00fdm sankc\u00edm d\u00edky znalosti sv\u00fdch pr\u00e1v a povinnost\u00ed, nap\u0159. sestaven\u00ed dom\u00e1c\u00edho rozpo\u010dtu s pomoc\u00ed poradce, p\u0159\u00edprava spl\u00e1tkov\u00e9ho kalend\u00e1\u0159e, pomoc se seps\u00e1n\u00edm \u017e\u00e1dosti a dal\u0161\u00edch pot\u0159ebn\u00fdch dokument\u016f.<\/p>\n<\/div><\/div><\/div><\/div><\/div><div class=\"fusion-fullwidth fullwidth-box fusion-builder-row-3 fusion-flex-container has-pattern-background has-mask-background nonhundred-percent-fullwidth non-hundred-percent-height-scrolling\" style=\"--awb-border-radius-top-left:0px;--awb-border-radius-top-right:0px;--awb-border-radius-bottom-right:0px;--awb-border-radius-bottom-left:0px;--awb-padding-right:346px;--awb-padding-left:331px;--awb-margin-top:0px;--awb-flex-wrap:wrap;\" ><div class=\"fusion-builder-row fusion-row fusion-flex-align-items-flex-start fusion-flex-content-wrap\" style=\"max-width:1365px;margin-left: calc(-5% \/ 2 );margin-right: calc(-5% \/ 2 );\"><div class=\"fusion-layout-column fusion_builder_column fusion-builder-column-3 fusion_builder_column_1_1 1_1 fusion-flex-column\" style=\"--awb-bg-size:cover;--awb-width-large:100%;--awb-margin-top-large:0px;--awb-spacing-right-large:2.375%;--awb-margin-bottom-large:20px;--awb-spacing-left-large:2.375%;--awb-width-medium:100%;--awb-order-medium:0;--awb-spacing-right-medium:2.375%;--awb-spacing-left-medium:2.375%;--awb-width-small:100%;--awb-order-small:0;--awb-spacing-right-small:2.375%;--awb-spacing-left-small:2.375%;\"><div class=\"fusion-column-wrapper fusion-column-has-shadow fusion-flex-justify-content-flex-start fusion-content-layout-column\"><div class=\"fusion-image-element \" style=\"--awb-caption-title-font-family:var(--h2_typography-font-family);--awb-caption-title-font-weight:var(--h2_typography-font-weight);--awb-caption-title-font-style:var(--h2_typography-font-style);--awb-caption-title-size:var(--h2_typography-font-size);--awb-caption-title-transform:var(--h2_typography-text-transform);--awb-caption-title-line-height:var(--h2_typography-line-height);--awb-caption-title-letter-spacing:var(--h2_typography-letter-spacing);\"><span class=\" fusion-imageframe imageframe-none imageframe-1 hover-type-none\"><img decoding=\"async\" width=\"1249\" height=\"259\" title=\"EU_logo\" src=\"https:\/\/decko.webinson.cz\/decko\/wp-content\/uploads\/2023\/08\/EU_logo.jpg\" data-orig-src=\"http:\/\/decko.webinson.cz\/decko\/wp-content\/uploads\/2023\/08\/EU_logo.jpg\" alt class=\"lazyload img-responsive wp-image-2187\" srcset=\"data:image\/svg+xml,%3Csvg%20xmlns%3D%27http%3A%2F%2Fwww.w3.org%2F2000%2Fsvg%27%20width%3D%271249%27%20height%3D%27259%27%20viewBox%3D%270%200%201249%20259%27%3E%3Crect%20width%3D%271249%27%20height%3D%27259%27%20fill-opacity%3D%220%22%2F%3E%3C%2Fsvg%3E\" data-srcset=\"https:\/\/decko.webinson.cz\/decko\/wp-content\/uploads\/2023\/08\/EU_logo-200x41.jpg 200w, https:\/\/decko.webinson.cz\/decko\/wp-content\/uploads\/2023\/08\/EU_logo-400x83.jpg 400w, https:\/\/decko.webinson.cz\/decko\/wp-content\/uploads\/2023\/08\/EU_logo-600x124.jpg 600w, https:\/\/decko.webinson.cz\/decko\/wp-content\/uploads\/2023\/08\/EU_logo-800x166.jpg 800w, https:\/\/decko.webinson.cz\/decko\/wp-content\/uploads\/2023\/08\/EU_logo-1200x249.jpg 1200w, https:\/\/decko.webinson.cz\/decko\/wp-content\/uploads\/2023\/08\/EU_logo.jpg 1249w\" data-sizes=\"auto\" data-orig-sizes=\"(max-width: 700px) 100vw, 1249px\" \/><\/span><\/div><\/div><\/div><\/div><\/div><\/p>\n","protected":false},"excerpt":{"rendered":"","protected":false},"author":2,"featured_media":1337,"parent":0,"menu_order":0,"comment_status":"closed","ping_status":"closed","template":"100-width.php","meta":{"content-type":""},"_links":{"self":[{"href":"https:\/\/decko.webinson.cz\/decko\/wp-json\/wp\/v2\/pages\/2166"}],"collection":[{"href":"https:\/\/decko.webinson.cz\/decko\/wp-json\/wp\/v2\/pages"}],"about":[{"href":"https:\/\/decko.webinson.cz\/decko\/wp-json\/wp\/v2\/types\/page"}],"author":[{"embeddable":true,"href":"https:\/\/decko.webinson.cz\/decko\/wp-json\/wp\/v2\/users\/2"}],"replies":[{"embeddable":true,"href":"https:\/\/decko.webinson.cz\/decko\/wp-json\/wp\/v2\/comments?post=2166"}],"version-history":[{"count":16,"href":"https:\/\/decko.webinson.cz\/decko\/wp-json\/wp\/v2\/pages\/2166\/revisions"}],"predecessor-version":[{"id":2373,"href":"https:\/\/decko.webinson.cz\/decko\/wp-json\/wp\/v2\/pages\/2166\/revisions\/2373"}],"wp:featuredmedia":[{"embeddable":true,"href":"https:\/\/decko.webinson.cz\/decko\/wp-json\/wp\/v2\/media\/1337"}],"wp:attachment":[{"href":"https:\/\/decko.webinson.cz\/decko\/wp-json\/wp\/v2\/media?parent=2166"}],"curies":[{"name":"wp","href":"https:\/\/api.w.org\/{rel}","templated":true}]}}